the highest common divisor of 90 and h?
18
Let q be (-2)/5 + (-47)/(-5). Let u(m) = -17*m + 3. Let a be u(-3). Suppose -8*x + 5*x = -a. What is the greatest common divisor of x and q?
9
Let k be 0*((-2)/2 + 0). Let u be 4/10 + (-7)/5. Let r be (k/u - 1) + 2. Calculate the highest common divisor of r and 3.
1
Let i(o) = -o**3 - 13*o**2 + 14*o + 2. Let w be i(-14). What is the greatest common factor of 14 and w?
2
Let j = 18 + -7. Suppose n - 77 = -0*n. Let p be 1*(-4)/((-4)/n). Calculate the highest common divisor of j and p.
11
Suppose -5 - 1 = s. Let a = s + 7. Calculate the highest common factor of a and 8.
1
Let a(w) = -w**3 + w**2 + 3*w - 1. Let p be a(-4). Let u = -34 + p. Calculate the highest common divisor of 11 and u.
11
Let h be ((-7)/(-21))/(1/6). Suppose h*w - 3*l = w + 41, -5*w = -2*l - 166. Let y(i) = -2*i - 4. Let x be y(-4). What is the highest common divisor of w and x?
4
Let k = -16 + 31. What is the highest common divisor of 6 and k?
3
Let x be -1 + -2 - 1/((-2)/96). Calculate the greatest common factor of x and 9.
9
Suppose -43 = -2*k - 5*u, -k - 37 = -4*k - 2*u. What is the highest common factor of k and 36?
9
Suppose 0*z = -5*z + 450. Suppose -4*v + 2*v = -z. Suppose m + 4*x - 3 - 39 = 0, 2*x + 144 = 5*m. What is the highest common factor of v and m?
15
Suppose 0 = 2*z + z + 24. Let n = 10 + z. Calculate the highest common factor of 18 and n.
2
Suppose z = -3*z + 468. Let u be 3/((-6)/(-4)) - 2. Suppose g - 30 = -2*q, 4 + u = g. What is the greatest common divisor of z and q?
13
Suppose -2*w + 45 = 3*w. Calculate the highest common divisor of 63 and w.
9
Suppose -c + 2*f + 38 = -0*f, 158 = 5*c - 2*f. What is the greatest common divisor of 15 and c?
15
Let c = -10 - -20. Suppose 6*x + 18 = 4*n + 3*x, 0 = -3*x - 6. Let k be (15/(-9))/(n/(-45)). Calculate the greatest common divisor of c and k.
5
Suppose 4*i + 120 = 9*i. Let y = 97 + i. Calculate the greatest common factor of 11 and y.
11
Suppose 0 = -24*d + 8*d + 2016. Calculate the greatest common divisor of d and 36.
18
Let z(f) = 8 + 10*f + f**2 + f**3 + 0*f + 8*f**2. Let y be z(-7). Suppose -2*m + 4 + 4 = 0. Calculate the highest common factor of y and m.
4
Let p = 103 + -70. Calculate the greatest common factor of 33 and p.
33
Suppose b = -b - 5*u + 108, 268 = 4*b - 3*u. Calculate the greatest common factor of 16 and b.
16
Let z(u) = u + 16. Let k be z(-11). Suppose -566 - 34 = -k*x. Suppose -20 = 5*d - 95. What is the greatest common factor of d and x?
15
Let p(y) = y**3 + 6*y + 1. Let x be p(5). Suppose d = -3*d + x. Let t = 63 - d. Calculate the highest common divisor of t and 16.
8
Suppose 1345 = 11*m - 305. What is the greatest common factor of 15 and m?
15
Let n be 2*1/(-4)*16. Let l = n + 9. What is the greatest common factor of l and 1?
1
Suppose -406 = -4*b + 3*v, -2*b + b - 4*v + 92 = 0. Calculate the highest common factor of b and 20.
20
Let g(w) = 22 - 1 + 2*w - w. Let p be g(-11). Calculate the highest common factor of p and 80.
10
Suppose -5 = 2*k + k - r, -3*k - 10 = 4*r. Let c be k/(-4)*1*10. Let y = 13 - c. What is the highest common divisor of 20 and y?
4
Suppose 3 + 1 = a. Let z(o) = -o**3 + o**2 + 3*o - 2. Let i be z(-3). Suppose 0 = w + a*w - i. What is the greatest common factor of w and 35?
5
Let f = -2 - -5. Let y = 15 - f. What is the greatest common factor of 108 and y?
12
Suppose 48 = -2*z + 10*z. What is the highest common divisor of 15 and z?
3
Let l(s) = -3*s**3 - s**2 - s**3 + 3*s**3 - 1 - s - 7*s**2. Let i be l(-8). Calculate the highest common divisor of 1 and i.
1
Let w = -34 + 144. Let m = w + -256. Let f be (-5)/30 + m/(-12). What is the highest common divisor of f and 24?
12
Suppose -5*d - 25 = -105. Calculate the highest common divisor of d and 24.
8
Suppose -4*l + 51 = o, 5*l = 2*o + 3*l - 132. Calculate the highest common factor of o and 7.
7
Let r be (0 + 1)/((-3)/51)*-1. Calculate the greatest common divisor of r and 1.
1
Let q(l) = l**2 - 7*l + 3. Let s be q(3). Let p be 582/54 + (-2)/s. What is the highest common divisor of p and 99?
11
Let a be (-27)/((-6)/2) + 4. Let m(c) = c + 8. Let l be m(a). Suppose -2*q = -3 - 3. Calculate the highest common factor of l and q.
3
Suppose -14 = -q - 0*o - 3*o, 4*q = 3*o - 4. Suppose -3*w = -0*w + 6. Let c be -1 - w*35/q. Calculate the greatest common factor of c and 17.
17
Suppose 7*i + z - 105 = 2*i, 2*z = -5*i + 100. Calculate the greatest common divisor of 22 and i.
22
Let o(u) = 2*u - 2. Let a be o(4). What is the highest common factor of a and 30?
6
Let g be (1/2)/((-3)/204). Let t = 18 + g. Let j = -9 - t. Calculate the greatest common divisor of j and 28.
7
Suppose 7*u = 6*u + 93. Calculate the highest common divisor of 31 and u.
31
Suppose 12 = -3*c + 3, 0 = -2*p + 2*c + 26. Calculate the highest common factor of 25 and p.
5
Let b(s) = s**3 - 4*s**2 + 3*s + 2. Let r be b(4). Let p = r - -14. What is the highest common factor of p and 14?
14
Suppose -10 = -q - q. Suppose -q*t = -52 - 8. Let i = -16 - -22. What is the greatest common factor of t and i?
6
Let b(r) = 8*r - 3. Suppose 0 = t + 2 - 6. Let j be (-5 + t)/((-2)/6). Let v be b(j). Calculate the highest common divisor of v and 189.
21
Suppose 5*s + 8 - 28 = 0. Suppose s*l + 157 = 509. What is the greatest common factor of l and 11?
11
Let i = 4 + -3. Let f(q) = 16*q**2. Let s be f(i). Suppose -s = -j - u, j - 2*u = -5*u + 24. What is the greatest common divisor of j and 30?
6
Let i(l) = 8*l - 7. Let x be i(5). Let s be (-7)/(-14) + (-3)/((-12)/10). What is the greatest common divisor of x and s?
3
Let y = 61 + -33. Calculate the greatest common factor of y and 224.
28
Let t(o) = 7*o + 3. Let w(q) = -36*q - 14. Let l(r) = -11*t(r) - 2*w(r). Let g be l(-8). Calculate the greatest common divisor of g and 175.
35
Let q(n) = n**2 + 7*n + 2. Let h be q(-7). Suppose h*y = -0*x - 2*x + 32, -5*y + 94 = -2*x. What is the highest common factor of 12 and y?
6
Let v = 8 - 21. Let f = 32 + v. Calculate the highest common divisor of 38 and f.
19
Let t be (-3 - -2)*-77 + -2. What is the highest common divisor of t and 30?
15
Suppose 0 = 4*v - 2*r - 6, 3*v = -4*r + 14 + 7. Suppose 3*d - 2*d + 43 = v*t, -t + 3*d + 1 = 0. Calculate the greatest common factor of t and 48.
16
Let f = -2 + 7. Suppose -5*u + f = 2*o, -4*u + 3 = -2*o - 1. What is the highest common factor of u and 3?
1
Let r(c) = -34*c**3 + c**2 + c. Let l be r(-1). Suppose 2*p - 3*y = -22, -7 + l = -3*p + 3*y. Let h = p + 7. What is the greatest common factor of 14 and h?
2
Let s(k) = -k**2 - 26*k + 2. Let l be s(-24). Calculate the greatest common factor of l and 20.
10
Let b = -1 + 1. Suppose b = 3*u + 4 - 10. Suppose 0 = 5*j, -6*x + x = u*j - 10. Calculate the greatest common factor of 2 and x.
2
Suppose -n = -3 - 2. Suppose 2*u - 2*a = 196, n*a = 4*u - 196 - 198. Suppose -9 = -k + 3. Calculate the highest common factor of u and k.
12
Let u = 2 + 2. Suppose 0 = -u*c - 2*k + 4*k + 48, 5*c - 2*k = 58. Calculate the highest common factor of 2 and c.
2
Let u be (-3)/(-15) - 18/15. Let k(o) = -o**3 - o**2 - o. Let r be k(u). Calculate the highest common factor of 1 and r.
1
Let v = -2 + 6. Let m = 88 + -52. Calculate the greatest common factor of v and m.
4
Suppose -5340 = -7*i + 2*i. Suppose 0 = -5*m + i - 368. What is the highest common divisor of 20 and m?
20
Suppose 0 - 15 = -3*j. Let h(k) = -k**2 + 7*k + 3. Let f be h(j). What is the greatest common factor of f and 13?
13
Let l(n) = -9*n + 1. Let t be l(-3). Let u = t - 19. Calculate the highest common factor of u and 81.
9
Let k = 18 - 5. Calculate the highest common factor of 117 and k.
13
Let l(i) = i**2 - 3. Let y be l(-6). Let d be ((-4)/12)/(1/3). Let f be d/4 + 65/20. Calculate the highest common factor of y and f.
3
Suppose a = -4*y + 88 + 70, 3*a + 33 = y. Let h be (1 + 0)/((-2)/(-52)). What is the highest common divisor of h and y?
13
Let x = -5 + 3. Let w be (-131)/(-7) + x/(-7). Let n = -11 + 106. What is the greatest common divisor of w and n?
19
Let p(q) = q**3 + 11*q**2 + 8*q - 5. Let a = 24 + -34. Let w be p(a). What is the highest common factor of 10 and w?
5
Let z(q) = 6*q**2 - 1. Let k be z(-1). Calculate the highest common factor of 35 and k.
5
Let o = -34 - -70. Suppose 0*u + 4*u + a = o, 2*u + 4*a = 3